*2 - 2*k + 1. Suppose t - 3*t - 6 = 0. Let j be (1 + t)/(-2*1). Give s(j).
11
Let u(y) = -7 - 36*y + 38*y - 2. What is u(6)?
3
Let j(r) = r**3 + 4*r**2 + 2*r. Let a(o) = -8*o**3 - o + 1. Let p be a(1). Let w be 2/p + (-25)/(-4). Suppose 2*l - 2 = -w. Calculate j(l).
4
Suppose -2*k = -2 - 6. Suppose -k*g = -s + 16, -2*s + g + 23 = 3*s. Let u(h) = s*h**3 - 4 - 5*h**3 - 4*h**2 - 2*h + 0*h**2. Give u(-4).
4
Let y(q) = -3 + 86*q + 3*q**2 - 85*q + 2. What is y(1)?
3
Let h(l) = l - 9. Let m be h(7). Let k be (2 - 1) + (-4)/m. Let x(g) = -12 - 4 + 19 + g. Calculate x(k).
6
Let q be (10/6)/(1/3). Let i(k) = 2*k**2 - 1 + 2*k**2 - 6*k**2 + q*k**2. Suppose -2*h - 3*m = 2 + 5, 4*m + 8 = -4*h. Determine i(h).
2
Suppose 0 = -x + 6 - 4. Let z(l) = 4 - l**x + 3*l - 3 - 7*l - 3*l. What is z(-6)?
7
Let c(v) = 0 + 7*v - v**2 + 1 - 6*v. Give c(-1).
-1
Let n(f) = -3*f**2 - 5*f + 2. Let o(r) = -4*r**2 - 5*r + 2. Let h(z) = z + 8. Let g be h(-9). Let i be 1*5/1*g. Let s(k) = i*n(k) + 4*o(k). Give s(3).
4
Let j(x) = -2*x**2 + 4*x - 4*x**2 - 1 + 0*x**2 + 5*x**2. Determine j(3).
2
Let f(j) = -j**2 + 4*j + 2. Suppose 11*t + 40 = 19*t. Calculate f(t).
-3
Let i(o) be the third derivative of -o**5/60 + o**4/12 + 5*o**3/6 - 24*o**2. Determine i(5).
-10
Let r(d) = -d - 1. Let q(g) = 3*g + 5. Let u(b) = -q(b) - 6*r(b). Calculate u(-4).
-11
Let b(q) be the third derivative of -q**9/60480 + q**8/4032 - q**7/1680 + q**6/144 + q**5/60 + 4*q**2. Let i(t) be the third derivative of b(t). Calculate i(5).
-10
Let x(k) = -k**2 - 3*k - 3. Suppose 3*d = -12 - 48. Let l be ((-15)/d)/(2/(-8)). Determine x(l).
-3
Suppose f - 4 = -0*f. Let x be 3*(-3 + 0 - -5). Let p(d) = 0*d - x - 3*d + 4*d. Calculate p(f).
-2
Let y(a) = -a**3 + 5*a**2 + 10*a - 9. Let j be y(6). Let g = j - 16. Let q(i) = 11*i. Let d(l) = -76*l. Let v(m) = 3*d(m) + 20*q(m). Determine v(g).
8
Let t be 1*2*-1 + 3 + -2. Let r(o) = -o**2 - o. Calculate r(t).
0
Let h(j) be the second derivative of j**6/360 - j**5/120 + 5*j**4/24 + j**3/6 - j. Let a(w) be the second derivative of h(w). Let y = 95 - 95. Calculate a(y).
5
Suppose -3*g = -a + 9, -5*a + 5 = -4*a - g. Let i(x) = -x. Let q(f) = 7*f - 4. Let m(n) = -2*i(n) - q(n). What is m(a)?
-11
Let k(f) = 4 - 257*f + 256*f - 4 - f**2. Determine k(0).
0
Let m(y) = y**3 + 6*y**2 + 5*y + 7. Let q = -3 - 2. Determine m(q).
7
Let s(v) = -1 - 1 + 0*v + 2*v - 5*v. Let f(q) = 9*q + 6. Let z(h) = -2*f(h) - 7*s(h). Determine z(2).
8
Let m = -9 + 13. Let l(n) = -4 + m*n - 3*n + 5 - 5. Determine l(-3).
-7
Let w(y) = 7*y**2 - 2*y - 1. Suppose -3*o - 6 = -3. Calculate w(o).
8
Let c(v) = 2*v**2 - 4*v + 3. Let n = -13 + 16. Calculate c(n).
9
Let t(u) = u + 13. Let y be -10 - 0 - (-9 + 5). What is t(y)?
7
Let a = -45 + 46. Let s(c) = 11*c**3 + c**2 - 2*c + 1. Give s(a).
11
Let z(i) = i**3 + 2*i + 2*i + 2 - 5 - 5*i**2. Let w(q) = q**3 + 4*q**2 + 4. Let x be w(-4). Determine z(x).
-3
Let h(i) be the third derivative of -i**4/12 + i**3/6 + 2*i**2. Suppose -8 = -3*v - v. Suppose -v*j + j - 2 = 0. Give h(j).
5
Let r(c) be the second derivative of -c**5/20 - c**4/3 + 7*c**3/6 + 2*c**2 + 8*c. Give r(-5).
-6
Let o(s) = -s - 4 + 3 + 1. Let h be (-1)/4 - (-18)/8. Let c be ((-1)/(-2))/(h/4). Give o(c).
-1
Let l(m) be the third derivative of -m**8/2240 - m**7/2520 - m**6/720 + m**5/20 + 4*m**2. Let h(j) be the third derivative of l(j). Determine h(-1).
-8
Suppose 4*k - 4 - 8 = -i, -5*k + 14 = i. Let u(v) = -v - 1. Let y be (-10)/15 + (-1)/3. Let j(p) = p. Let h(f) = y*u(f) + j(f). Give h(k).
5
Let m(x) = 7*x + 3 - 3 - x**2. Let g(t) = -t**2 - 33*t + 39. Let s be g(-34). What is m(s)?
10
Let f = -6 - -8. Suppose -u - m = -3, -f = -4*m + 2*m. Let b(q) = -q**2 + q. Calculate b(u).
-2
Let a(l) = -5*l**3 - 4*l**2 - 5*l - 8. Let r(o) = -4*o**3 - 3*o**2 - 4*o - 7. Let g(t) = 3*a(t) - 4*r(t). Let j(i) = 2*i + 4. Let q be j(-2). What is g(q)?
4
Suppose -3*g = -g - 14. Let p(o) = -o + 10. Let f be p(g). Let x(z) = z + f*z + z**2 - 8 + 5 + 2. Give x(-3).
-4
Let y(p) be the third derivative of -p**6/120 + p**5/12 - p**4/12 + 2*p**3/3 - 4*p**2. Let h be (-4)/20 - 1/(-5). Suppose f - 3*f + 10 = h. Determine y(f).
-6
Let i(t) = -t**3 - t**2 - t - 1. Let r(o) = -3*o + 1. Suppose 0*n = 5*n - 15. Let q = n + -2. Let l be r(q). Calculate i(l).
5
Let y(q) = q**2 - 6*q + 3. Let s be (-3)/(-3)*(2 - 0). Calculate y(s).
-5
Let q(r) = r**2 + 6*r + 6. Suppose -3*i = 3*f + 2*f - 11, 2*i - 10 = -2*f. Suppose -3*j = -i*j - 20. What is q(j)?
1
Let c be (2 - -1) + (7 - 10). Suppose c = -2*q - 0*q + 6. Let a(v) = 2*v - 3. Give a(q).
3
Let x = -9 - -12. Let p be (2/(-6) - 0)*-6. Suppose -p*h = -x*h. Let z(r) = r**2 + 4. Give z(h).
4
Let n(k) = -k**3 - 4*k**2 + k + 1. Let p be (-16)/(-8)*(-11)/(-2). Let j = 9 - p. Determine n(j).
-9
Let y(w) = -w**3 + w**2 - w - 1. Suppose -2*h - 5*m = -5, -2*m + 1 = h - 1. Determine y(h).
-1
Let m(q) be the first derivative of -q**5/60 - q**4/24 + q**3/3 - q**2 - 3. Let z(v) be the second derivative of m(v). What is z(-2)?
0
Let t(b) = 0*b**3 - 3*b**2 - b**2 - b**3 + 3*b. Give t(-5).
10
Suppose 3*d - 25 = -196. Let j be d/11 - (-2)/11. Let a(y) = -2*y. Determine a(j).
10
Let k(l) = l + 0 + 8 - 5. Give k(8).
11
Let c(d) = d - 2. Let q be ((-3)/(-6))/(1/(-12)). Determine c(q).
-8
Let z(m) be the second derivative of m**5/20 + m**3/3 - m**2/2 - 3*m. Let p be ((-18)/(-8) - 2)*4. What is z(p)?
2
Let h(p) be the second derivative of -p**3/3 - p**2 + 4*p. Let w(c) = -2*c - 3. Let o(a) = -2*h(a) + 3*w(a). Calculate o(-4).
3
Let a(n) = -7*n**2 - 5*n - 5. Let v(r) = 13*r**2 + 9*r + 9. Let c(u) = 11*a(u) + 6*v(u). Suppose -5*k - 3 = g, -3*g - 3*k + 2*k + 5 = 0. Determine c(g).
1
Let c(l) = -l**3 - l**2 - l - 1. Let v = -5 + 4. Give c(v).
0
Suppose y + 19 = 2*o + 3*o, 2*o - y - 7 = 0. Let w(c) be the first derivative of c**2/2 - 5*c - 21. What is w(o)?
-1
Let h(w) = w - 1. Let v be 3*(7/3 + -1). Suppose 4*k + 6 = t, -v*t - 16 = 2*k + 2*k. Calculate h(t).
-3
Let u(z) = -z + 2. Let c(g) = -g**3 + 9*g**2 + 10*g + 2. Let q be c(10). Give u(q).
0
Let b(p) = -p + 7. Let k be b(0). Let l = 12 - k. Let d(z) = -z - 2. Give d(l).
-7
Suppose j - 4*j + 12 = 0. Let a(r) = r**2 - r + 5. Calculate a(j).
17
Let l(d) be the second derivative of -d**3/3 - d**2 - 4*d. Suppose -4*v = -2*y - 2, 0*y = -2*y - 5*v - 11. Determine l(y).
4
Let b(w) be the second derivative of -w**5/60 - w**4/24 - w**2 + 2*w. Let g(l) be the first derivative of b(l). Give g(0).
0
Suppose -2 = -2*i, f = 3*i - 7*i - 1. Suppose g - 1 - 3 = 0. Let y(m) = g*m - 7*m + 2*m - 2. Give y(f).
3
Let x be (-4)/(6/3) + -2. Let n(r) = r + 1. Give n(x).
-3
Let s = -23 + 39. Suppose -3*o - 2*b = 3, 0*o + o - 5*b = s. Let w(a) = -a + 1. Let d(y) = 6*y - 9. Let z(i) = -d(i) - 9*w(i). Determine z(o).
3
Let x be 4/6*45/10. Let o(h) = -h**3 + 2*h**2 + 1. What is o(x)?
-8
Let v(g) = 5*g**2 + 4*g. Let w(s) = -s**2 - s. Let b(h) = -v(h) - 4*w(h). Let m(k) = -6*k**2 + 4*k - 2. Let i(o) = -5*b(o) + m(o). Determine i(3).
1
Let u(m) = -m + 7. Let g(y) = y - 9. Let a(p) = 4*g(p) + 5*u(p). Calculate a(-10).
9
Let j = -40 + 34. Let v(x) = x**3 + 5*x**2 - 7*x + 8. Determine v(j).
14
Let l(p) = p**3 + 6*p**2 + 7*p + 6. Suppose g + 12 + 2 = -4*v, 2*g = 4. Calculate l(v).
10
Let g(x) = x**2 - 4 + 0*x**3 - x**3 - 5*x - 5*x**2. Let k(t) = -t**2 - 6*t - 6. Let u be k(-5). Let r = -4 - u. What is g(r)?
2
Let t(z) = z**3 + 4*z + 4*z - 11 - 7*z**2 + 4. Let s(h) = 5*h - 7. Let m be s(4). Suppose 43 = 5*a + m. Calculate t(a).
5
Let i be ((-8)/5)/((-3)/((-30)/(-4))). Let z(m) = -m**3 + 4*m**2 - m + 3. Give z(i).
-1
Let j(b) = 3*b - 13. Let w(n) = -n + 6. Let m(x) = 2*j(x) + 5*w(x). Let i be 5/(-2)*(-6)/5. Let g be 0/i - 3 - -6. Give m(g).
7
Let h(f) = -6*f**3 + 5*f**2 - f + 5. Let r(q) = 7*q**3 - 5*q**2 + q - 5. Let x(y) = -6*h(y) - 5*r(y). Suppose 3 + 2 = g. Give x(g).
0
Let v be (2 + -1)*4 - 0. Let u(j) be the third derivative of j**4/12 - j**3 + 20*j**2. What is u(v)?
2
Let j(g) = 9*g**2 + g - 2*g + 0*g. Suppose 2*h - 3*w + 7 = -7, 4*w = -2*h + 14. Determine j(h).
10
Let k(h) be the first derivative of -h**2 + 6*h + 7. What is k(5)?
-4
Let k(m) = 3*m**2 - 8*m + 4. Let j(n) = 10*n**2 - 25*n + 13. Let i(r) = -2*j(r) + 7*k(r). Suppose 2*o = -5 + 15. Determine i(o).
-3
Let k(n) = -3 + 4 - 86*n + 79*n. Det